{"id":13699,"date":"2018-06-25T13:55:19","date_gmt":"2018-06-25T13:55:19","guid":{"rendered":"http:\/\/relaunch.visio-lign.com\/unternehmensprofil\/"},"modified":"2020-01-23T13:28:49","modified_gmt":"2020-01-23T13:28:49","slug":"unternehmensprofil","status":"publish","type":"page","link":"https:\/\/www.visiolign.com\/de\/unternehmensprofil\/","title":{"rendered":"Unternehmensprofil"},"content":{"rendered":"<h3>Unternehmensprofil &#8211; Mission Statement der bredent group<\/h3>\n<hr>\n<p style=\"text-align: left;\"><strong>Die bredent group<\/strong><\/p>\n<p style=\"text-align: left;\"><span style=\"color: #ffffff;\">Wir, die bredent group, sind ein international t\u00e4tiges, familiengef\u00fchrtes Unternehmen.<\/span><\/p>\n<p style=\"text-align: left;\"><span style=\"color: #ffffff;\">Wir entwickeln optimal aufeinander abgestimmte Einzelprodukte, Systeml\u00f6sungen, z. B. im Segment Implantatprothetik, und Therapiekonzepte \u201eMade in Germany\u201c und stellen diese selbst her. Diese erm\u00f6glichen es Zahn\u00e4rzten und Zahntechnikern, hochwertigen, kosteng\u00fcnstigen, parodontalhygienischen und \u00e4sthetischen Zahnersatz herzustellen und zu erhalten.<\/span><\/p>\n<p style=\"text-align: left;\"><span style=\"color: #ffffff;\">Unser Anspruch ist es, zu den Besten zu geh\u00f6ren. Deshalb sind unsere Mitarbeiterinnen und Mitarbeiter bereit, mit der notwendigen Flexibilit\u00e4t und Offenheit H\u00f6chstleistungen f\u00fcr unsere Kunden und deren Patienten zu bringen.<\/span><\/p>\n<p style=\"text-align: left;\"><span style=\"color: #ffffff;\">Mit unserer Kompetenz und unserer Innovationskraft sind wir Vorbild f\u00fcr den Dentalmarkt.<\/span><\/p>\n<p style=\"text-align: left;\"><span style=\"color: #ffffff;\">Wir gestalten unsere Unternehmenskultur, die Zusammenarbeit mit unseren Kunden und Gesch\u00e4ftspartnern und die nutzenbietenden Aktivit\u00e4ten entsprechend unserer 1995 definierten Werte als Grundlage f\u00fcr langfristige Ziele und Beziehungen.<\/span><\/p>\n<p style=\"text-align: left;\"><strong>leistungsf\u00e4hig<\/strong><br \/>\n<span style=\"color: #ffffff;\">Wir sind \u00fcberzeugt vom Nutzen unserer Arbeit und engagieren uns daher gerne, effizienter zu werden.<\/span><\/p>\n<p style=\"text-align: left;\"><strong>partnerschaftlich<\/strong><br \/>\n<span style=\"color: #ffffff;\">In der Zusammenarbeit sind wir offen und fair. Dadurch schaffen wir Vertrauen.<\/span><\/p>\n<p style=\"text-align: left;\"><strong>richtungsweisend<\/strong><br \/>\n<span style=\"color: #ffffff;\">Unsere Kompetenz, Flexibilit\u00e4t und Weltoffenheit erm\u00f6glichen es uns fr\u00fchzeitig nutzbringende L\u00f6sungen zu realisieren.<\/span><\/p>\n<p style=\"text-align: left;\"><strong>F\u00fcr unsere Kunden bedeutet dies:<\/strong><\/p>\n<p style=\"text-align: left;\"><span style=\"color: #ffffff;\">F\u00fcr unsere Kunden sind wir ein Gesch\u00e4ftspartner, der durch seine Leistungen und seine L\u00f6sungen Nutzen bietet. Alle unsere Aktivit\u00e4ten zeigen dieses Streben. Wir k\u00fcmmern uns um unsere Kunden und deren Bed\u00fcrfnisse. Dar\u00fcber und \u00fcber die Probleme und W\u00fcnsche der Patienten informieren wir uns permanent. Diese Informationen sind Grundlage f\u00fcr die Entwicklung neuer impulsgebender, wirtschaftlicher L\u00f6sungen \u2013 dabei wird unsere Arbeit vom Nutzen f\u00fcr Kunden und Patienten bestimmt. Die Einhaltung der relevanten Vorschriften, Normen und Gesetze ist f\u00fcr uns selbstverst\u00e4ndlich.<\/span><\/p>\n<p style=\"text-align: left;\"><strong>F\u00fcr unsere Organisation und unser Miteinander bedeutet dies:<\/strong><\/p>\n<p style=\"text-align: left;\"><span style=\"color: #ffffff;\">Ver\u00e4nderungen und neue Anforderungen verstehen wir als Chancen und Herausforderungen zu schnellen und flexiblen Reaktionen. Deshalb ist die F\u00e4higkeit zur Ver\u00e4nderung eine wichtige Voraussetzung f\u00fcr unseren Erfolg. Als eine der Konsequenzen machen wir unsere Organisation permanent schneller und wirtschaftlicher, um so die steigenden Anforderungen des wirtschaftlichen Umfeldes und unserer Kunden und deren Patienten zu erf\u00fcllen.<\/span><\/p>\n<p style=\"text-align: left;\"><strong>F\u00fcr unsere Mitarbeiter bedeutet dies:<\/strong><\/p>\n<p style=\"text-align: left;\"><span style=\"color: #ffffff;\">Wir zeigen Engagement und Verantwortungsgef\u00fchl in der jeweiligen Aufgabe, als Einzelner und im Team. Jeder steht zu seiner Verpflichtung. Jeder engagiert sich f\u00fcr das Erreichen der Unternehmensziele und Verwirklichung der Unternehmenswerte. Daf\u00fcr erhalten wir Sicherheit, pers\u00f6nliche Entwicklungsm\u00f6glichkeiten und Freir\u00e4ume zur beruflichen Entfaltung und Verbesserung. Mit der Nutzung und Erweiterung des gemeinsamen Wissens schaffen wir die Grundlagen f\u00fcr die zuk\u00fcnftigen Erfolge.<\/span><\/p>\n<p style=\"text-align: left;\"><strong>F\u00fcr unseren Umgang mit der Gesellschaft bedeutet dies:<\/strong><\/p>\n<p style=\"text-align: left;\"><span style=\"color: #ffffff;\">Es geh\u00f6rt f\u00fcr uns zur unternehmerischen Selbstverst\u00e4ndlichkeit, einen dauerhaften sozialen und \u00f6kologischen Beitrag zur Gesellschaft zu leisten.<\/span><\/p>\n<p style=\"text-align: left;\"><span style=\"color: #ffffff;\">Unser Ertrag ist Grundlage f\u00fcr weitere richtungsweisende Investitionen und dient damit der Sicherung der Arbeitspl\u00e4tze im Sinne unserer Ziele und Werte zum Nutzen unserer Kunden.<\/span><\/p>\n<p style=\"text-align: left;\"><em>Die Gesch\u00e4ftsleitung und Gesellschafter<\/em><\/p>\n","protected":false},"excerpt":{"rendered":"<p>Unternehmensprofil &#8211; Mission Statement der bredent group Die bredent group Wir, die bredent group, sind ein international t\u00e4tiges, familiengef\u00fchrtes Unternehmen. Wir entwickeln optimal aufeinander abgestimmte Einzelprodukte, Systeml\u00f6sungen, z. B. im Segment Implantatprothetik, und Therapiekonzepte \u201eMade in Germany\u201c und stellen diese selbst her. Diese erm\u00f6glichen es Zahn\u00e4rzten und Zahntechnikern, hochwertigen, kosteng\u00fcnstigen, parodontalhygienischen und \u00e4sthetischen Zahnersatz herzustellen [&hellip;]<\/p>\n","protected":false},"author":1,"featured_media":0,"parent":0,"menu_order":7,"comment_status":"closed","ping_status":"closed","template":"","meta":{"footnotes":""},"yoast_head":"<!-- This site is optimized with the Yoast SEO plugin v23.0 - https:\/\/yoast.com\/wordpress\/plugins\/seo\/ -->\n<title>Unternehmensprofil - visio.lign<\/title>\n<meta name=\"robots\" content=\"index, follow, max-snippet:-1, max-image-preview:large, max-video-preview:-1\" \/>\n<link rel=\"canonical\" href=\"https:\/\/www.visiolign.com\/de\/unternehmensprofil\/\" \/>\n<meta property=\"og:locale\" content=\"de_DE\" \/>\n<meta property=\"og:type\" content=\"article\" \/>\n<meta property=\"og:title\" content=\"Unternehmensprofil - visio.lign\" \/>\n<meta property=\"og:description\" content=\"Unternehmensprofil &#8211; Mission Statement der bredent group Die bredent group Wir, die bredent group, sind ein international t\u00e4tiges, familiengef\u00fchrtes Unternehmen. Wir entwickeln optimal aufeinander abgestimmte Einzelprodukte, Systeml\u00f6sungen, z. B. im Segment Implantatprothetik, und Therapiekonzepte \u201eMade in Germany\u201c und stellen diese selbst her. Diese erm\u00f6glichen es Zahn\u00e4rzten und Zahntechnikern, hochwertigen, kosteng\u00fcnstigen, parodontalhygienischen und \u00e4sthetischen Zahnersatz herzustellen [&hellip;]\" \/>\n<meta property=\"og:url\" content=\"https:\/\/www.visiolign.com\/de\/unternehmensprofil\/\" \/>\n<meta property=\"og:site_name\" content=\"visio.lign\" \/>\n<meta property=\"article:publisher\" content=\"https:\/\/www.facebook.com\/bredent-group-Deutschland-1705651446400964\/\" \/>\n<meta property=\"article:modified_time\" content=\"2020-01-23T13:28:49+00:00\" \/>\n<meta name=\"twitter:card\" content=\"summary_large_image\" \/>\n<meta name=\"twitter:label1\" content=\"Gesch\u00e4tzte Lesezeit\" \/>\n\t<meta name=\"twitter:data1\" content=\"2 Minuten\" \/>\n<script type=\"application\/ld+json\" class=\"yoast-schema-graph\">{\"@context\":\"https:\/\/schema.org\",\"@graph\":[{\"@type\":\"WebPage\",\"@id\":\"https:\/\/www.visiolign.com\/de\/unternehmensprofil\/\",\"url\":\"https:\/\/www.visiolign.com\/de\/unternehmensprofil\/\",\"name\":\"Unternehmensprofil - visio.lign\",\"isPartOf\":{\"@id\":\"https:\/\/www.visiolign.com\/#website\"},\"datePublished\":\"2018-06-25T13:55:19+00:00\",\"dateModified\":\"2020-01-23T13:28:49+00:00\",\"breadcrumb\":{\"@id\":\"https:\/\/www.visiolign.com\/de\/unternehmensprofil\/#breadcrumb\"},\"inLanguage\":\"de-DE\",\"potentialAction\":[{\"@type\":\"ReadAction\",\"target\":[\"https:\/\/www.visiolign.com\/de\/unternehmensprofil\/\"]}]},{\"@type\":\"BreadcrumbList\",\"@id\":\"https:\/\/www.visiolign.com\/de\/unternehmensprofil\/#breadcrumb\",\"itemListElement\":[{\"@type\":\"ListItem\",\"position\":1,\"name\":\"Home\",\"item\":\"https:\/\/www.visiolign.com\/\"},{\"@type\":\"ListItem\",\"position\":2,\"name\":\"Unternehmensprofil\"}]},{\"@type\":\"WebSite\",\"@id\":\"https:\/\/www.visiolign.com\/#website\",\"url\":\"https:\/\/www.visiolign.com\/\",\"name\":\"visio.lign\",\"description\":\"Das \u00c4sthetik- und Funktionssystem\",\"publisher\":{\"@id\":\"https:\/\/www.visiolign.com\/#organization\"},\"potentialAction\":[{\"@type\":\"SearchAction\",\"target\":{\"@type\":\"EntryPoint\",\"urlTemplate\":\"https:\/\/www.visiolign.com\/?s={search_term_string}\"},\"query-input\":\"required name=search_term_string\"}],\"inLanguage\":\"de-DE\"},{\"@type\":\"Organization\",\"@id\":\"https:\/\/www.visiolign.com\/#organization\",\"name\":\"bredent group\",\"url\":\"https:\/\/www.visiolign.com\/\",\"logo\":{\"@type\":\"ImageObject\",\"inLanguage\":\"de-DE\",\"@id\":\"https:\/\/www.visiolign.com\/#\/schema\/logo\/image\/\",\"url\":\"https:\/\/www.visiolign.com\/wp-content\/uploads\/2019\/01\/bredent-group-Black-Logo-PNG-file.png\",\"contentUrl\":\"https:\/\/www.visiolign.com\/wp-content\/uploads\/2019\/01\/bredent-group-Black-Logo-PNG-file.png\",\"width\":1579,\"height\":330,\"caption\":\"bredent group\"},\"image\":{\"@id\":\"https:\/\/www.visiolign.com\/#\/schema\/logo\/image\/\"},\"sameAs\":[\"https:\/\/www.facebook.com\/bredent-group-Deutschland-1705651446400964\/\",\"https:\/\/www.youtube.com\/playlist?list=PLLTk1xXHVJE-wazMWJlA_JBho4BoUGHct\"]}]}<\/script>\n<!-- \/ Yoast SEO plugin. -->","yoast_head_json":{"title":"Unternehmensprofil - visio.lign","robots":{"index":"index","follow":"follow","max-snippet":"max-snippet:-1","max-image-preview":"max-image-preview:large","max-video-preview":"max-video-preview:-1"},"canonical":"https:\/\/www.visiolign.com\/de\/unternehmensprofil\/","og_locale":"de_DE","og_type":"article","og_title":"Unternehmensprofil - visio.lign","og_description":"Unternehmensprofil &#8211; Mission Statement der bredent group Die bredent group Wir, die bredent group, sind ein international t\u00e4tiges, familiengef\u00fchrtes Unternehmen. Wir entwickeln optimal aufeinander abgestimmte Einzelprodukte, Systeml\u00f6sungen, z. B. im Segment Implantatprothetik, und Therapiekonzepte \u201eMade in Germany\u201c und stellen diese selbst her. Diese erm\u00f6glichen es Zahn\u00e4rzten und Zahntechnikern, hochwertigen, kosteng\u00fcnstigen, parodontalhygienischen und \u00e4sthetischen Zahnersatz herzustellen [&hellip;]","og_url":"https:\/\/www.visiolign.com\/de\/unternehmensprofil\/","og_site_name":"visio.lign","article_publisher":"https:\/\/www.facebook.com\/bredent-group-Deutschland-1705651446400964\/","article_modified_time":"2020-01-23T13:28:49+00:00","twitter_card":"summary_large_image","twitter_misc":{"Gesch\u00e4tzte Lesezeit":"2 Minuten"},"schema":{"@context":"https:\/\/schema.org","@graph":[{"@type":"WebPage","@id":"https:\/\/www.visiolign.com\/de\/unternehmensprofil\/","url":"https:\/\/www.visiolign.com\/de\/unternehmensprofil\/","name":"Unternehmensprofil - visio.lign","isPartOf":{"@id":"https:\/\/www.visiolign.com\/#website"},"datePublished":"2018-06-25T13:55:19+00:00","dateModified":"2020-01-23T13:28:49+00:00","breadcrumb":{"@id":"https:\/\/www.visiolign.com\/de\/unternehmensprofil\/#breadcrumb"},"inLanguage":"de-DE","potentialAction":[{"@type":"ReadAction","target":["https:\/\/www.visiolign.com\/de\/unternehmensprofil\/"]}]},{"@type":"BreadcrumbList","@id":"https:\/\/www.visiolign.com\/de\/unternehmensprofil\/#breadcrumb","itemListElement":[{"@type":"ListItem","position":1,"name":"Home","item":"https:\/\/www.visiolign.com\/"},{"@type":"ListItem","position":2,"name":"Unternehmensprofil"}]},{"@type":"WebSite","@id":"https:\/\/www.visiolign.com\/#website","url":"https:\/\/www.visiolign.com\/","name":"visio.lign","description":"Das \u00c4sthetik- und Funktionssystem","publisher":{"@id":"https:\/\/www.visiolign.com\/#organization"},"potentialAction":[{"@type":"SearchAction","target":{"@type":"EntryPoint","urlTemplate":"https:\/\/www.visiolign.com\/?s={search_term_string}"},"query-input":"required name=search_term_string"}],"inLanguage":"de-DE"},{"@type":"Organization","@id":"https:\/\/www.visiolign.com\/#organization","name":"bredent group","url":"https:\/\/www.visiolign.com\/","logo":{"@type":"ImageObject","inLanguage":"de-DE","@id":"https:\/\/www.visiolign.com\/#\/schema\/logo\/image\/","url":"https:\/\/www.visiolign.com\/wp-content\/uploads\/2019\/01\/bredent-group-Black-Logo-PNG-file.png","contentUrl":"https:\/\/www.visiolign.com\/wp-content\/uploads\/2019\/01\/bredent-group-Black-Logo-PNG-file.png","width":1579,"height":330,"caption":"bredent group"},"image":{"@id":"https:\/\/www.visiolign.com\/#\/schema\/logo\/image\/"},"sameAs":["https:\/\/www.facebook.com\/bredent-group-Deutschland-1705651446400964\/","https:\/\/www.youtube.com\/playlist?list=PLLTk1xXHVJE-wazMWJlA_JBho4BoUGHct"]}]}},"_links":{"self":[{"href":"https:\/\/www.visiolign.com\/de\/wp-json\/wp\/v2\/pages\/13699"}],"collection":[{"href":"https:\/\/www.visiolign.com\/de\/wp-json\/wp\/v2\/pages"}],"about":[{"href":"https:\/\/www.visiolign.com\/de\/wp-json\/wp\/v2\/types\/page"}],"author":[{"embeddable":true,"href":"https:\/\/www.visiolign.com\/de\/wp-json\/wp\/v2\/users\/1"}],"replies":[{"embeddable":true,"href":"https:\/\/www.visiolign.com\/de\/wp-json\/wp\/v2\/comments?post=13699"}],"version-history":[{"count":0,"href":"https:\/\/www.visiolign.com\/de\/wp-json\/wp\/v2\/pages\/13699\/revisions"}],"wp:attachment":[{"href":"https:\/\/www.visiolign.com\/de\/wp-json\/wp\/v2\/media?parent=13699"}],"curies":[{"name":"wp","href":"https:\/\/api.w.org\/{rel}","templated":true}]}}

<h3>Unternehmensprofil &#8211; Mission Statement der bredent group</h3>
<hr>
<p style="text-align: left;"><strong>Die bredent group</strong></p>
<p style="text-align: left;"><span style="color: #ffffff;">Wir, die bredent group, sind ein international tätiges, familiengeführtes Unternehmen.</span></p>
<p style="text-align: left;"><span style="color: #ffffff;">Wir entwickeln optimal aufeinander abgestimmte Einzelprodukte, Systemlösungen, z. B. im Segment Implantatprothetik, und Therapiekonzepte „Made in Germany“ und stellen diese selbst her. Diese ermöglichen es Zahnärzten und Zahntechnikern, hochwertigen, kostengünstigen, parodontalhygienischen und ästhetischen Zahnersatz herzustellen und zu erhalten.</span></p>
<p style="text-align: left;"><span style="color: #ffffff;">Unser Anspruch ist es, zu den Besten zu gehören. Deshalb sind unsere Mitarbeiterinnen und Mitarbeiter bereit, mit der notwendigen Flexibilität und Offenheit Höchstleistungen für unsere Kunden und deren Patienten zu bringen.</span></p>
<p style="text-align: left;"><span style="color: #ffffff;">Mit unserer Kompetenz und unserer Innovationskraft sind wir Vorbild für den Dentalmarkt.</span></p>
<p style="text-align: left;"><span style="color: #ffffff;">Wir gestalten unsere Unternehmenskultur, die Zusammenarbeit mit unseren Kunden und Geschäftspartnern und die nutzenbietenden Aktivitäten entsprechend unserer 1995 definierten Werte als Grundlage für langfristige Ziele und Beziehungen.</span></p>
<p style="text-align: left;"><strong>leistungsfähig</strong><br />
<span style="color: #ffffff;">Wir sind überzeugt vom Nutzen unserer Arbeit und engagieren uns daher gerne, effizienter zu werden.</span></p>
<p style="text-align: left;"><strong>partnerschaftlich</strong><br />
<span style="color: #ffffff;">In der Zusammenarbeit sind wir offen und fair. Dadurch schaffen wir Vertrauen.</span></p>
<p style="text-align: left;"><strong>richtungsweisend</strong><br />
<span style="color: #ffffff;">Unsere Kompetenz, Flexibilität und Weltoffenheit ermöglichen es uns frühzeitig nutzbringende Lösungen zu realisieren.</span></p>
<p style="text-align: left;"><strong>Für unsere Kunden bedeutet dies:</strong></p>
<p style="text-align: left;"><span style="color: #ffffff;">Für unsere Kunden sind wir ein Geschäftspartner, der durch seine Leistungen und seine Lösungen Nutzen bietet. Alle unsere Aktivitäten zeigen dieses Streben. Wir kümmern uns um unsere Kunden und deren Bedürfnisse. Darüber und über die Probleme und Wünsche der Patienten informieren wir uns permanent. Diese Informationen sind Grundlage für die Entwicklung neuer impulsgebender, wirtschaftlicher Lösungen – dabei wird unsere Arbeit vom Nutzen für Kunden und Patienten bestimmt. Die Einhaltung der relevanten Vorschriften, Normen und Gesetze ist für uns selbstverständlich.</span></p>
<p style="text-align: left;"><strong>Für unsere Organisation und unser Miteinander bedeutet dies:</strong></p>
<p style="text-align: left;"><span style="color: #ffffff;">Veränderungen und neue Anforderungen verstehen wir als Chancen und Herausforderungen zu schnellen und flexiblen Reaktionen. Deshalb ist die Fähigkeit zur Veränderung eine wichtige Voraussetzung für unseren Erfolg. Als eine der Konsequenzen machen wir unsere Organisation permanent schneller und wirtschaftlicher, um so die steigenden Anforderungen des wirtschaftlichen Umfeldes und unserer Kunden und deren Patienten zu erfüllen.</span></p>
<p style="text-align: left;"><strong>Für unsere Mitarbeiter bedeutet dies:</strong></p>
<p style="text-align: left;"><span style="color: #ffffff;">Wir zeigen Engagement und Verantwortungsgefühl in der jeweiligen Aufgabe, als Einzelner und im Team. Jeder steht zu seiner Verpflichtung. Jeder engagiert sich für das Erreichen der Unternehmensziele und Verwirklichung der Unternehmenswerte. Dafür erhalten wir Sicherheit, persönliche Entwicklungsmöglichkeiten und Freiräume zur beruflichen Entfaltung und Verbesserung. Mit der Nutzung und Erweiterung des gemeinsamen Wissens schaffen wir die Grundlagen für die zukünftigen Erfolge.</span></p>
<p style="text-align: left;"><strong>Für unseren Umgang mit der Gesellschaft bedeutet dies:</strong></p>
<p style="text-align: left;"><span style="color: #ffffff;">Es gehört für uns zur unternehmerischen Selbstverständlichkeit, einen dauerhaften sozialen und ökologischen Beitrag zur Gesellschaft zu leisten.</span></p>
<p style="text-align: left;"><span style="color: #ffffff;">Unser Ertrag ist Grundlage für weitere richtungsweisende Investitionen und dient damit der Sicherung der Arbeitsplätze im Sinne unserer Ziele und Werte zum Nutzen unserer Kunden.</span></p>
<p style="text-align: left;"><em>Die Geschäftsleitung und Gesellschafter</em></p>

<p>Unternehmensprofil &#8211; Mission Statement der bredent group Die bredent group Wir, die bredent group, sind ein international tätiges, familiengeführtes Unternehmen. Wir entwickeln optimal aufeinander abgestimmte Einzelprodukte, Systemlösungen, z. B. im Segment Implantatprothetik, und Therapiekonzepte „Made in Germany“ und stellen diese selbst her. Diese ermöglichen es Zahnärzten und Zahntechnikern, hochwertigen, kostengünstigen, parodontalhygienischen und ästhetischen Zahnersatz herzustellen [&hellip;]</p>

<!-- This site is optimized with the Yoast SEO plugin v23.0 - https://yoast.com/wordpress/plugins/seo/ -->
<title>Unternehmensprofil - visio.lign</title>
<meta name="robots" content="index, follow, max-snippet:-1, max-image-preview:large, max-video-preview:-1" />
<link rel="canonical" href="https://www.visiolign.com/de/unternehmensprofil/" />
<meta property="og:locale" content="de_DE" />
<meta property="og:type" content="article" />
<meta property="og:title" content="Unternehmensprofil - visio.lign" />
<meta property="og:description" content="Unternehmensprofil &#8211; Mission Statement der bredent group Die bredent group Wir, die bredent group, sind ein international tätiges, familiengeführtes Unternehmen. Wir entwickeln optimal aufeinander abgestimmte Einzelprodukte, Systemlösungen, z. B. im Segment Implantatprothetik, und Therapiekonzepte „Made in Germany“ und stellen diese selbst her. Diese ermöglichen es Zahnärzten und Zahntechnikern, hochwertigen, kostengünstigen, parodontalhygienischen und ästhetischen Zahnersatz herzustellen [&hellip;]" />
<meta property="og:url" content="https://www.visiolign.com/de/unternehmensprofil/" />
<meta property="og:site_name" content="visio.lign" />
<meta property="article:publisher" content="https://www.facebook.com/bredent-group-Deutschland-1705651446400964/" />
<meta property="article:modified_time" content="2020-01-23T13:28:49+00:00" />
<meta name="twitter:card" content="summary_large_image" />
<meta name="twitter:label1" content="Geschätzte Lesezeit" />
	<meta name="twitter:data1" content="2 Minuten" />
<script type="application/ld+json" class="yoast-schema-graph">{"@context":"https://schema.org","@graph":[{"@type":"WebPage","@id":"https://www.visiolign.com/de/unternehmensprofil/","url":"https://www.visiolign.com/de/unternehmensprofil/","name":"Unternehmensprofil - visio.lign","isPartOf":{"@id":"https://www.visiolign.com/#website"},"datePublished":"2018-06-25T13:55:19+00:00","dateModified":"2020-01-23T13:28:49+00:00","breadcrumb":{"@id":"https://www.visiolign.com/de/unternehmensprofil/#breadcrumb"},"inLanguage":"de-DE","potentialAction":[{"@type":"ReadAction","target":["https://www.visiolign.com/de/unternehmensprofil/"]}]},{"@type":"BreadcrumbList","@id":"https://www.visiolign.com/de/unternehmensprofil/#breadcrumb","itemListElement":[{"@type":"ListItem","position":1,"name":"Home","item":"https://www.visiolign.com/"},{"@type":"ListItem","position":2,"name":"Unternehmensprofil"}]},{"@type":"WebSite","@id":"https://www.visiolign.com/#website","url":"https://www.visiolign.com/","name":"visio.lign","description":"Das Ästhetik- und Funktionssystem","publisher":{"@id":"https://www.visiolign.com/#organization"},"potentialAction":[{"@type":"SearchAction","target":{"@type":"EntryPoint","urlTemplate":"https://www.visiolign.com/?s={search_term_string}"},"query-input":"required name=search_term_string"}],"inLanguage":"de-DE"},{"@type":"Organization","@id":"https://www.visiolign.com/#organization","name":"bredent group","url":"https://www.visiolign.com/","logo":{"@type":"ImageObject","inLanguage":"de-DE","@id":"https://www.visiolign.com/#/schema/logo/image/","url":"https://www.visiolign.com/wp-content/uploads/2019/01/bredent-group-Black-Logo-PNG-file.png","contentUrl":"https://www.visiolign.com/wp-content/uploads/2019/01/bredent-group-Black-Logo-PNG-file.png","width":1579,"height":330,"caption":"bredent group"},"image":{"@id":"https://www.visiolign.com/#/schema/logo/image/"},"sameAs":["https://www.facebook.com/bredent-group-Deutschland-1705651446400964/","https://www.youtube.com/playlist?list=PLLTk1xXHVJE-wazMWJlA_JBho4BoUGHct"]}]}</script>
<!-- / Yoast SEO plugin. -->

Unternehmensprofil &#8211; Mission Statement der bredent group Die bredent group Wir, die bredent group, sind ein international tätiges, familiengeführtes Unternehmen. Wir entwickeln optimal aufeinander abgestimmte Einzelprodukte, Systemlösungen, z. B. im Segment Implantatprothetik, und Therapiekonzepte „Made in Germany“ und stellen diese selbst her. Diese ermöglichen es Zahnärzten und Zahntechnikern, hochwertigen, kostengünstigen, parodontalhygienischen und ästhetischen Zahnersatz herzustellen [&hellip;]

Das Ästhetik- und Funktionssystem
